 What is l(-68)?
47
Let n(v) = -2*v**3 - 4*v**2 + 11*v - 17. Give n(3).
-74
Let h(v) = 27*v - 108. Calculate h(-17).
-567
Let p(j) = j**3 - 16*j**2 - 8*j + 7. Calculate p(16).
-121
Let n(q) = -q**2 + 7*q + 167. Calculate n(0).
167
Let q(s) = -s**3 + 2*s**2 - 5*s + 4. Give q(1).
0
Let n(q) = 40*q**3 + 2*q**2 - 13*q - 24. Give n(-2).
-310
Let h(r) = 2*r**2 + 779*r - 6365. Give h(8).
-5
Let a(j) = -10*j**3 + j**2 - 5*j + 2. Calculate a(2).
-84
Let w(s) = -58*s**2 - 349*s - 2. Calculate w(-6).
4
Let d(k) = 29*k + 352. What is d(-12)?
4
Let g(u) = -u**3 - u**2 + 18*u - 13. Give g(5).
-73
Let b(r) = -15*r**2 - 5*r + 30. Give b(-3).
-90
Let j(q) = q**2 + 16*q - 283. Determine j(-32).
229
Let z(j) = 698*j - 714. Determine z(1).
-16
Let c(f) = -18*f**2 + 98*f - 21. What is c(9)?
-597
Let d(z) = -4*z**3 - 158*z**2 + 332*z - 1. Give d(2).
-1
Let w(l) = 209*l - 3764. Give w(18).
-2
Let k(s) = 50*s + 57. Give k(4).
257
Let u(o) = -283*o - 9343. Calculate u(-33).
-4
Let p(a) = 14*a - 309. Calculate p(21).
-15
Let b(m) = m**2 + 2*m - 3. Calculate b(2).
5
Let k(q) = 47*q**2 - 763*q + 173. Give k(16).
-3
Let o(p) = -57*p + 15286. Determine o(268).
10
Let t(v) = -463*v - 5. Determine t(0).
-5
Let p(b) = 3*b**2 - 44*b - 95. Give p(17).
24
Let w(u) = 147*u + 2267. Calculate w(-17).
-232
Let z(u) = 253*u - 13107. What is z(52)?
49
Let f(b) = 3*b**2 - 55*b + 12. What is f(14)?
-170
Let w(l) = -136*l - 402. Calculate w(-3).
6
Let d(u) = u**3 - 5*u**2 - 50*u + 270. What is d(7)?
18
Let g(f) = -67*f**2 - 2953*f - 210. Calculate g(-44).
10
Let p(x) = -24*x**2 + 505*x + 504. Give p(-1).
-25
Let d(p) = 14*p**3 - 111*p**2 - 5*p - 6. What is d(8)?
18
Let a(d) = 16*d**2 - 705*d + 43. What is a(44)?
-1
Let u(o) = -564*o + 6749. What is u(12)?
-19
Let d(h) = h**2 + 53*h + 756. Give d(-34).
110
Let r(c) = -5*c**3 + 4*c**2 - 12*c + 34. Give r(3).
-101
Let d(y) = 41*y + 2297. Determine d(-56).
1
Let f(w) = 2417*w - 9675. Give f(4).
-7
Let r(p) = -77*p - 3230. Give r(-42).
4
Let f(d) = d**2 - 22*d - 491. Give f(-14).
13
Let d(n) = -n**3 - 4*n**2 + 115*n - 28. Determine d(-13).
-2
Let p(m) = 2*m**3 + 55*m**2 - 32*m - 21. Calculate p(-28).
91
Let u(p) = 405*p + 6624. Determine u(-16).
144
Let d(f) = f**3 + 11*f**2 + 136*f + 466. What is d(-4)?
34
Let f(x) = -x**3 - 10*x**2 + 2584*x + 25843. Calculate f(-10).
3
Let u(s) = 2421*s - 2402. Give u(1).
19
Let b(f) = -9*f + 174. Calculate b(-55).
669
Let i(f) = -f**3 - 14*f**2 + 576*f + 1. Determine i(18).
1
Let u(d) = 4*d**2 - 1595*d + 4773. Give u(3).
24
Let l(g) = g**3 + 17*g**2 - 355*g - 195. Determine l(-29).
8
Let m(w) = -60*w + 315. Give m(-2).
435
Let l(h) = 6*h + 45. What is l(-59)?
-309
Let n(w) = -w**3 + 4*w**2 + 7*w + 17. Determine n(6).
-13
Let q(v) = -275*v - 3019. What is q(-11)?
6
Let x(z) = -38*z - 832. Give x(-22).
4
Let l(j) = j**3 - 9*j**2 - 15*j - 64. Give l(11).
13
Let w(z) = 579*z - 503. Give w(1).
76
Let w(c) = c**2 - 1724*c + 18833. Calculate w(11).
-10
Let w(u) = -36*u + 99. What is w(2)?
27
Let s(a) = -31*a**2 + 354*a + 638. Determine s(13).
1
Let t(s) = -70*s - 3641. Give t(-52).
-1
Let d(a) = 2*a**3 + 41*a**2 + 20*a + 2. What is d(-20)?
2
Let k(w) = -8*w**3 + 751*w**2 + 94*w + 55. Give k(94).
55
Let s(l) = -14*l + 141. What is s(14)?
-55
Let n(v) = -v**2 + 24*v - 13. Calculate n(7).
106
Let a(g) = 32*g**2 - 1255*g + 4. Give a(40).
1004
Let y(p) = 25*p - 7039. Determine y(282).
11
Let m(v) = v**3 + 16*v**2 - 98*v - 355. What is m(-20)?
5
Let c(p) = 250*p + 1031. Calculate c(-4).
31
Let o(b) = -33*b + 2153. Give o(65).
8
Let p(k) = -23*k**3 - 2*k**2 - 5*k - 3. What is p(-2)?
183
Let s(d) = -11*d - 191. Give s(-24).
73
Let w(x) = -x**2 + 71*x + 611. Determine w(79).
-21
Let a(r) = 118*r + 1833. Calculate a(-16).
-55
Let h(u) = 4*u**2 - 8*u + 3. Calculate h(2).
3
Let c(a) = 19*a**2 + 705*a + 47. Give c(-37).
-27
Let j(q) = -q**3 - 21*q**2 + 21*q - 56. Calculate j(-22).
-34
Let m(o) = -15*o**2 - 292*o + 860. Determine m(3).
-151
Let q(k) = 3*k**2 + 73*k + 239. Give q(-18).
-103
Let u(g) = 2220*g + 119866. Give u(-54).
-14
Let b(z) = z**3 + 3*z**2 + 3*z - 5. Give b(-3).
-14
Let t(o) = -3*o**2 + 22*o + 1121. What is t(-16)?
1
Let i(c) = c**3 - 38*c**2 + 239*c - 2. Determine i(8).
-10
Let g(i) = -8*i**3 + 32*i**2 - 28*i + 99. Calculate g(4).
-13
Let u(o) = o**3 + 3*o**2 + 17*o + 464. Give u(-8).
8
Let l(n) = 25*n**2 + 10*n + 10. Determine l(-1).
25
Let m(p) = -22*p**2 - 10*p + 32. Give m(5).
-568
Let u(g) = 29*g**2 + 312*g - 68. Give u(-11).
9
Let d(g) = -g**3 + 138*g**2 - 13*g + 1851. What is d(138)?
57
Let i(w) = -2*w**2 + 696*w + 4238. Give i(-6).
-10
Let i(v) = 47*v - 1291. Calculate i(27).
-22
Let f(j) = -j**3 - 2*j**2 + 10*j + 31. What is f(-4)?
23
Let d(g) = 3701*g - 29600. Calculate d(8).
8
Let r(l) = -l**2 + 8*l + 50. Give r(9).
41
Let y(q) = -q**2 + 66*q - 305. What is y(62)?
-57
Let z(l) = -l**3 - 118*l**2 - 121*l - 1. Calculate z(-1).
3
Let s(i) = i**3 - 68*i**2 - 283*i - 348. Calculate s(72).
12
Let a(x) = -3*x**2 - 510*x - 5253. Determine a(-159).
-6
Let n(o) = -15*o**3 + 781*o**2 - 49*o - 159. Calculate n(52).
-3
Let q(j) = -j**2 - 280*j + 28355. What is q(79)?
-6
Let u(j) = 3*j**2 - 556*j - 9441. Calculate u(201).
6
Let u(g) = -g**2 + 79*g - 290. What is u(75)?
10
Let g(t) = 3*t**3 - 8*t**2 - 29*t + 80. Calculate g(5).
110
Let v(z) = -2*z**3 + 12*z**2 - 6*z + 21. Calculate v(5).
41
Let m(u) = 10*u**2 - 45*u + 2. Calculate m(-4).
342
Let d(k) = -k**3 - 21*k**2 - 22*k - 5. Determine d(-20).
35
Let b(g) = -g**2 - g + 9. Determine b(9).
-81
Let v(r) = 45*r + 1108. Calculate v(-29).
-197
Let m(z) = 937*z + 5871. Calculate m(-6).
249
Let m(j) = 5*j**3 + 15*j**2 - 16*j + 19. Determine m(-4).
3
Let d(b) = 27*b - 107. What is d(0)?
-107
Let l(v) = 101*v - 5049. Give l(50).
1
Let i(g) = 5*g**2 - 8*g - 84. What is i(11)?
433
Let k(x) = 4*x**2 - 199*x - 686. What is k(53)?
3
Let p(r) = -r + 24. Calculate p(-3).
27
Let f(n) = -2*n**3 - 16*n**2 - 43*n + 6. Determine f(-8).
350
Let o(b) = -2*b**2 + 3*b - 10. Give o(-9).
-199
Let g(c) = -8*c**2 - 196*c - 104. Determine g(-24).
-8
Let c(j) = j**3 - 63*j**2 - 5984*j - 208. What is c(-52)?
0
Let z(d) = d**3 - 27*d - 5. What is z(5)?
-15
Let k(y) = y**3 + 3*y**2 + 120*y + 488. Give k(-4).
-8
Let j(z) = z**3 - 26*z**2 + 38*z - 310. Determine j(25).
15
Let s(y) = -11*y + 51. Calculate s(31).
-290
Let h(k) = -7983*k - 47909. Give h(-6).
-11
Let m(d) = -4*d**3 - 231*d**2 - 168*d + 169. Calculate m(-57).
-2
Let d(p) = -p**3 - 5*p**2 + 31*p - 11. Calculate d(-9).
34
Let a(o) = 6*o - 961. Determine a(160).
-1
Let t(q) = 235*q + 2800. Calculate t(-12).
-20
Let d(x) = -6*x**2 + 204*x - 20. What is d(32)?
364
Let r(c) = 819*c - 28696. What is r(35)?
-31
Let q(d) = -36*d - 1760. Determine q(-49).
4
Let x(o) = -o**3 - 63*o**2 + 344*o + 149. What is x(-68)?
-123
Let t(y) = -69*y - 1679. What is t(-28)?
253
Let g(h) = 177*h - 153. Calculate g(1).
24
Let s(v) = 11*v**2 + 2877*v - 4204. Calculate s(-263).
4
Let u(l) = 3*l**2 + 46*l - 5458. Calculate u(36).
86
Let w(l) = -40*l - 947. Give w(-24).
13
Let k(l) = l**3 + 15*l**2 + 48*l + 10. Give k(-4).
-6
Let t(p) = -p**3 + 18*p**2 - 23*p - 62. Determine t(17).
-164
Let a(l) = -193*l - 16986. Calculate a(-88).
-2
Let n(m) = -374*m - 51226. Calculate n(-137).
12
Let q(r) = -16*r + 511. Give q(31).
15
Let h(n) = -n**3 - 10*n**2 - 1085*n - 8553. Determine h(-8).
-1
Let b(g) = -g**3 + 6*g**2 + 37*g - 197. Determine b(8).
-29
Let j(m) = -3*m**2 - 5*m - 5. What is j(-2)?
-7
Let o(q) = 2*q**2 + 125*q + 918. Determine o(-54).
0
Let f(n) = 57*n - 111. Calculate f(3).
60
Let u(v) = v**3 + 27*v**2 - 46*v + 66. Calculate u(-29).
-282
Let c(w) = -38*w**2 - 64*w - 66. Determine c(-1).
-40
Let z(d) = -403*d - 4876. What is z(-12)?
-40
Let q(w) = 4*w**3 + 31*w**2 - 33*w - 443. What is q(-6)?
7
Let k(s) = 215*s - 1709. Give k(8).
11
Let n(o) = -o**2 + 28*o + 62. Determine n(18).
242
Let f(x) = -x**2 + 147*x - 3491. What is f(117)?
19
Let o(d) = 6*d**2 + 20*d - 65. Calculate o(0).
-65
Let c(s) = -2*s**3 + 9*s**2 + 3*s - 28. Determine c(3).
8
Let y(u) = 13*u - 461. What is y(36)?
7
Let m(g) = 8*g**2 + 28*g - 60. Give m(-5).
0
Let d(q) = q**3 + 81*q**2 - 116*q - 2784. Give d(-82).
4
Let z(p) = p**3 + 29*p**2 + 118*p - 48. Determine z(-24).
0
Let a(y) = 3*y